{"id":153,"date":"2019-04-25T18:48:30","date_gmt":"2019-04-25T18:48:30","guid":{"rendered":"http:\/\/fotografias.rojima.es\/?page_id=153"},"modified":"2019-04-30T14:03:34","modified_gmt":"2019-04-30T14:03:34","slug":"palacio-de-cristal","status":"publish","type":"page","link":"http:\/\/fotografias.rojima.es\/?page_id=153","title":{"rendered":"Palacio de cristal"},"content":{"rendered":"\n<p class=\"has-drop-cap has-small-font-size\">Fue construido por&nbsp;<a href=\"https:\/\/es.wikipedia.org\/wiki\/Ricardo_Vel%C3%A1zquez_Bosco\">Ricardo Vel\u00e1zquez Bosco<\/a>, y su proyecto de construcci\u00f3n se inspiraba en el&nbsp;<a href=\"https:\/\/es.wikipedia.org\/wiki\/The_Crystal_Palace\">Crystal Palace<\/a>, levantado en Londres en 1851 por&nbsp;<a href=\"https:\/\/es.wikipedia.org\/wiki\/Joseph_Paxton\">Joseph Paxton<\/a>. En Londres se hab\u00eda levantado el Crystal Palace en Hyde Park en el contexto de la Exposici\u00f3n de Trabajos Industriales, y en Espa\u00f1a se levant\u00f3 el Palacio de Cristal para la Exposici\u00f3n de las Islas Filipinas.<br><\/p>\n\n\n\n<ul class=\"wp-block-gallery columns-1 wp-block-gallery-1 is-layout-flex wp-block-gallery-is-layout-flex\"><li class=\"blocks-gallery-item\"><figure><a href=\"http:\/\/fotografias.rojima.es\/wp-content\/uploads\/2019\/04\/Palacio-de-Cristal-del-Retiro-7.jpg\"><img loading=\"lazy\" decoding=\"async\" width=\"1000\" height=\"667\" src=\"http:\/\/fotografias.rojima.es\/wp-content\/uploads\/2019\/04\/Palacio-de-Cristal-del-Retiro-7.jpg\" alt=\"\" data-id=\"144\" data-link=\"http:\/\/fotografias.rojima.es\/?attachment_id=144\" class=\"wp-image-144\" srcset=\"http:\/\/fotografias.rojima.es\/wp-content\/uploads\/2019\/04\/Palacio-de-Cristal-del-Retiro-7.jpg 1000w, http:\/\/fotografias.rojima.es\/wp-content\/uploads\/2019\/04\/Palacio-de-Cristal-del-Retiro-7-300x200.jpg 300w, http:\/\/fotografias.rojima.es\/wp-content\/uploads\/2019\/04\/Palacio-de-Cristal-del-Retiro-7-768x512.jpg 768w, http:\/\/fotografias.rojima.es\/wp-content\/uploads\/2019\/04\/Palacio-de-Cristal-del-Retiro-7-508x339.jpg 508w\" sizes=\"(max-width: 1000px) 100vw, 1000px\" \/><\/a><\/figure><\/li><li class=\"blocks-gallery-item\"><figure><a href=\"http:\/\/fotografias.rojima.es\/wp-content\/uploads\/2019\/04\/Palacio-de-Cristal-del-Retiro-4.jpg\"><img loading=\"lazy\" decoding=\"async\" width=\"1000\" height=\"667\" src=\"http:\/\/fotografias.rojima.es\/wp-content\/uploads\/2019\/04\/Palacio-de-Cristal-del-Retiro-4.jpg\" alt=\"\" data-id=\"141\" data-link=\"http:\/\/fotografias.rojima.es\/?attachment_id=141\" class=\"wp-image-141\" srcset=\"http:\/\/fotografias.rojima.es\/wp-content\/uploads\/2019\/04\/Palacio-de-Cristal-del-Retiro-4.jpg 1000w, http:\/\/fotografias.rojima.es\/wp-content\/uploads\/2019\/04\/Palacio-de-Cristal-del-Retiro-4-300x200.jpg 300w, http:\/\/fotografias.rojima.es\/wp-content\/uploads\/2019\/04\/Palacio-de-Cristal-del-Retiro-4-768x512.jpg 768w, http:\/\/fotografias.rojima.es\/wp-content\/uploads\/2019\/04\/Palacio-de-Cristal-del-Retiro-4-508x339.jpg 508w\" sizes=\"(max-width: 1000px) 100vw, 1000px\" \/><\/a><\/figure><\/li><li class=\"blocks-gallery-item\"><figure><a href=\"http:\/\/fotografias.rojima.es\/wp-content\/uploads\/2019\/04\/Palacio-de-Cristal-del-Retiro-1.jpg\"><img loading=\"lazy\" decoding=\"async\" width=\"1000\" height=\"563\" src=\"http:\/\/fotografias.rojima.es\/wp-content\/uploads\/2019\/04\/Palacio-de-Cristal-del-Retiro-1.jpg\" alt=\"\" data-id=\"138\" data-link=\"http:\/\/fotografias.rojima.es\/?attachment_id=138\" class=\"wp-image-138\" srcset=\"http:\/\/fotografias.rojima.es\/wp-content\/uploads\/2019\/04\/Palacio-de-Cristal-del-Retiro-1.jpg 1000w, http:\/\/fotografias.rojima.es\/wp-content\/uploads\/2019\/04\/Palacio-de-Cristal-del-Retiro-1-300x169.jpg 300w, http:\/\/fotografias.rojima.es\/wp-content\/uploads\/2019\/04\/Palacio-de-Cristal-del-Retiro-1-768x432.jpg 768w, http:\/\/fotografias.rojima.es\/wp-content\/uploads\/2019\/04\/Palacio-de-Cristal-del-Retiro-1-508x286.jpg 508w\" sizes=\"(max-width: 1000px) 100vw, 1000px\" \/><\/a><\/figure><\/li><li class=\"blocks-gallery-item\"><figure><a href=\"http:\/\/fotografias.rojima.es\/wp-content\/uploads\/2019\/04\/Palacio-de-Cristal-del-Retiro-5.jpg\"><img loading=\"lazy\" decoding=\"async\" width=\"1000\" height=\"563\" src=\"http:\/\/fotografias.rojima.es\/wp-content\/uploads\/2019\/04\/Palacio-de-Cristal-del-Retiro-5.jpg\" alt=\"\" data-id=\"142\" data-link=\"http:\/\/fotografias.rojima.es\/?attachment_id=142\" class=\"wp-image-142\" srcset=\"http:\/\/fotografias.rojima.es\/wp-content\/uploads\/2019\/04\/Palacio-de-Cristal-del-Retiro-5.jpg 1000w, http:\/\/fotografias.rojima.es\/wp-content\/uploads\/2019\/04\/Palacio-de-Cristal-del-Retiro-5-300x169.jpg 300w, http:\/\/fotografias.rojima.es\/wp-content\/uploads\/2019\/04\/Palacio-de-Cristal-del-Retiro-5-768x432.jpg 768w, http:\/\/fotografias.rojima.es\/wp-content\/uploads\/2019\/04\/Palacio-de-Cristal-del-Retiro-5-508x286.jpg 508w\" sizes=\"(max-width: 1000px) 100vw, 1000px\" \/><\/a><\/figure><\/li><li class=\"blocks-gallery-item\"><figure><a href=\"http:\/\/fotografias.rojima.es\/wp-content\/uploads\/2019\/04\/Palacio-de-Cristal-del-Retiro-2.jpg\"><img loading=\"lazy\" decoding=\"async\" width=\"1000\" height=\"667\" src=\"http:\/\/fotografias.rojima.es\/wp-content\/uploads\/2019\/04\/Palacio-de-Cristal-del-Retiro-2.jpg\" alt=\"\" data-id=\"139\" data-link=\"http:\/\/fotografias.rojima.es\/?attachment_id=139\" class=\"wp-image-139\" srcset=\"http:\/\/fotografias.rojima.es\/wp-content\/uploads\/2019\/04\/Palacio-de-Cristal-del-Retiro-2.jpg 1000w, http:\/\/fotografias.rojima.es\/wp-content\/uploads\/2019\/04\/Palacio-de-Cristal-del-Retiro-2-300x200.jpg 300w, http:\/\/fotografias.rojima.es\/wp-content\/uploads\/2019\/04\/Palacio-de-Cristal-del-Retiro-2-768x512.jpg 768w, http:\/\/fotografias.rojima.es\/wp-content\/uploads\/2019\/04\/Palacio-de-Cristal-del-Retiro-2-508x339.jpg 508w\" sizes=\"(max-width: 1000px) 100vw, 1000px\" \/><\/a><\/figure><\/li><li class=\"blocks-gallery-item\"><figure><a href=\"http:\/\/fotografias.rojima.es\/wp-content\/uploads\/2019\/04\/Palacio-de-Cristal-del-Retiro-6-1.jpg\"><img loading=\"lazy\" decoding=\"async\" width=\"1000\" height=\"563\" src=\"http:\/\/fotografias.rojima.es\/wp-content\/uploads\/2019\/04\/Palacio-de-Cristal-del-Retiro-6-1.jpg\" alt=\"\" data-id=\"151\" data-link=\"http:\/\/fotografias.rojima.es\/?attachment_id=151\" class=\"wp-image-151\" srcset=\"http:\/\/fotografias.rojima.es\/wp-content\/uploads\/2019\/04\/Palacio-de-Cristal-del-Retiro-6-1.jpg 1000w, http:\/\/fotografias.rojima.es\/wp-content\/uploads\/2019\/04\/Palacio-de-Cristal-del-Retiro-6-1-300x169.jpg 300w, http:\/\/fotografias.rojima.es\/wp-content\/uploads\/2019\/04\/Palacio-de-Cristal-del-Retiro-6-1-768x432.jpg 768w, http:\/\/fotografias.rojima.es\/wp-content\/uploads\/2019\/04\/Palacio-de-Cristal-del-Retiro-6-1-508x286.jpg 508w\" sizes=\"(max-width: 1000px) 100vw, 1000px\" \/><\/a><\/figure><\/li><li class=\"blocks-gallery-item\"><figure><a href=\"http:\/\/fotografias.rojima.es\/wp-content\/uploads\/2019\/04\/Palacio-de-Cristal-del-Retiro-3.jpg\"><img loading=\"lazy\" decoding=\"async\" width=\"1000\" height=\"563\" src=\"http:\/\/fotografias.rojima.es\/wp-content\/uploads\/2019\/04\/Palacio-de-Cristal-del-Retiro-3.jpg\" alt=\"\" data-id=\"140\" data-link=\"http:\/\/fotografias.rojima.es\/?attachment_id=140\" class=\"wp-image-140\" srcset=\"http:\/\/fotografias.rojima.es\/wp-content\/uploads\/2019\/04\/Palacio-de-Cristal-del-Retiro-3.jpg 1000w, http:\/\/fotografias.rojima.es\/wp-content\/uploads\/2019\/04\/Palacio-de-Cristal-del-Retiro-3-300x169.jpg 300w, http:\/\/fotografias.rojima.es\/wp-content\/uploads\/2019\/04\/Palacio-de-Cristal-del-Retiro-3-768x432.jpg 768w, http:\/\/fotografias.rojima.es\/wp-content\/uploads\/2019\/04\/Palacio-de-Cristal-del-Retiro-3-508x286.jpg 508w\" sizes=\"(max-width: 1000px) 100vw, 1000px\" \/><\/a><\/figure><\/li><li class=\"blocks-gallery-item\"><figure><a href=\"http:\/\/fotografias.rojima.es\/wp-content\/uploads\/2019\/04\/Palacio-de-Cristal-del-Retiro-8.jpg\"><img loading=\"lazy\" decoding=\"async\" width=\"1000\" height=\"1000\" src=\"http:\/\/fotografias.rojima.es\/wp-content\/uploads\/2019\/04\/Palacio-de-Cristal-del-Retiro-8.jpg\" alt=\"\" data-id=\"145\" data-link=\"http:\/\/fotografias.rojima.es\/?attachment_id=145\" class=\"wp-image-145\" srcset=\"http:\/\/fotografias.rojima.es\/wp-content\/uploads\/2019\/04\/Palacio-de-Cristal-del-Retiro-8.jpg 1000w, http:\/\/fotografias.rojima.es\/wp-content\/uploads\/2019\/04\/Palacio-de-Cristal-del-Retiro-8-150x150.jpg 150w, http:\/\/fotografias.rojima.es\/wp-content\/uploads\/2019\/04\/Palacio-de-Cristal-del-Retiro-8-300x300.jpg 300w, http:\/\/fotografias.rojima.es\/wp-content\/uploads\/2019\/04\/Palacio-de-Cristal-del-Retiro-8-768x768.jpg 768w, http:\/\/fotografias.rojima.es\/wp-content\/uploads\/2019\/04\/Palacio-de-Cristal-del-Retiro-8-508x508.jpg 508w\" sizes=\"(max-width: 1000px) 100vw, 1000px\" \/><\/a><\/figure><\/li><li class=\"blocks-gallery-item\"><figure><img decoding=\"async\" src=\"\" alt=\"\"\/><\/figure><\/li><\/ul>\n\n\n\n<p class=\"has-drop-cap has-small-font-size\">El 10 de mayo de 1936, el Palacio de Cristal del Retiro fue el escenario en el que se eligi\u00f3 a&nbsp;<a href=\"https:\/\/es.wikipedia.org\/wiki\/Manuel_Aza%C3%B1a\">Manuel Aza\u00f1a<\/a>&nbsp;como presidente de la&nbsp;<a href=\"https:\/\/es.wikipedia.org\/wiki\/Segunda_Rep%C3%BAblica_Espa%C3%B1ola\">Rep\u00fablica<\/a>. Las Cortes se hab\u00edan quedado peque\u00f1as para acoger a la asamblea mixta de diputados y compromisarios y el Palacio de Cristal fue elegido para la votaci\u00f3n y toma de posesi\u00f3n. Aza\u00f1a, \u00fanico candidato, sali\u00f3 elegido por 754 votos de 874<\/p>\n\n\n\n<p><a href=\"https:\/\/es.wikipedia.org\/wiki\/Palacio_de_Cristal_del_Retiro\">https:\/\/es.wikipedia.org\/wiki\/Palacio_de_Cristal_del_Retiro<\/a><\/p>\n","protected":false},"excerpt":{"rendered":"<p>Fue construido por&nbsp;Ricardo Vel\u00e1zquez Bosco, y su proyecto de construcci\u00f3n se inspiraba en el&nbsp;Crystal Palace, levantado en Londres en 1851 por&nbsp;Joseph Paxton. En Londres se hab\u00eda levantado el Crystal Palace en Hyde Park en el contexto de la Exposici\u00f3n de Trabajos Industriales, y en Espa\u00f1a se levant\u00f3 el Palacio de Cristal para la Exposici\u00f3n de [&hellip;]<\/p>\n","protected":false},"author":1,"featured_media":0,"parent":0,"menu_order":13,"comment_status":"closed","ping_status":"closed","template":"","meta":{"footnotes":""},"jetpack_sharing_enabled":true,"_links":{"self":[{"href":"http:\/\/fotografias.rojima.es\/index.php?rest_route=\/wp\/v2\/pages\/153"}],"collection":[{"href":"http:\/\/fotografias.rojima.es\/index.php?rest_route=\/wp\/v2\/pages"}],"about":[{"href":"http:\/\/fotografias.rojima.es\/index.php?rest_route=\/wp\/v2\/types\/page"}],"author":[{"embeddable":true,"href":"http:\/\/fotografias.rojima.es\/index.php?rest_route=\/wp\/v2\/users\/1"}],"replies":[{"embeddable":true,"href":"http:\/\/fotografias.rojima.es\/index.php?rest_route=%2Fwp%2Fv2%2Fcomments&post=153"}],"version-history":[{"count":3,"href":"http:\/\/fotografias.rojima.es\/index.php?rest_route=\/wp\/v2\/pages\/153\/revisions"}],"predecessor-version":[{"id":172,"href":"http:\/\/fotografias.rojima.es\/index.php?rest_route=\/wp\/v2\/pages\/153\/revisions\/172"}],"wp:attachment":[{"href":"http:\/\/fotografias.rojima.es\/index.php?rest_route=%2Fwp%2Fv2%2Fmedia&parent=153"}],"curies":[{"name":"wp","href":"https:\/\/api.w.org\/{rel}","templated":true}]}}

<p class="has-drop-cap has-small-font-size">Fue construido por&nbsp;<a href="https://es.wikipedia.org/wiki/Ricardo_Vel%C3%A1zquez_Bosco">Ricardo Velázquez Bosco</a>, y su proyecto de construcción se inspiraba en el&nbsp;<a href="https://es.wikipedia.org/wiki/The_Crystal_Palace">Crystal Palace</a>, levantado en Londres en 1851 por&nbsp;<a href="https://es.wikipedia.org/wiki/Joseph_Paxton">Joseph Paxton</a>. En Londres se había levantado el Crystal Palace en Hyde Park en el contexto de la Exposición de Trabajos Industriales, y en España se levantó el Palacio de Cristal para la Exposición de las Islas Filipinas.<br></p>



<ul class="wp-block-gallery columns-1 wp-block-gallery-1 is-layout-flex wp-block-gallery-is-layout-flex"><li class="blocks-gallery-item"><figure><a href="http://fotografias.rojima.es/wp-content/uploads/2019/04/Palacio-de-Cristal-del-Retiro-7.jpg"><img loading="lazy" decoding="async" width="1000" height="667" src="http://fotografias.rojima.es/wp-content/uploads/2019/04/Palacio-de-Cristal-del-Retiro-7.jpg" alt="" data-id="144" data-link="http://fotografias.rojima.es/?attachment_id=144" class="wp-image-144" srcset="http://fotografias.rojima.es/wp-content/uploads/2019/04/Palacio-de-Cristal-del-Retiro-7.jpg 1000w, http://fotografias.rojima.es/wp-content/uploads/2019/04/Palacio-de-Cristal-del-Retiro-7-300x200.jpg 300w, http://fotografias.rojima.es/wp-content/uploads/2019/04/Palacio-de-Cristal-del-Retiro-7-768x512.jpg 768w, http://fotografias.rojima.es/wp-content/uploads/2019/04/Palacio-de-Cristal-del-Retiro-7-508x339.jpg 508w" sizes="(max-width: 1000px) 100vw, 1000px" /></a></figure></li><li class="blocks-gallery-item"><figure><a href="http://fotografias.rojima.es/wp-content/uploads/2019/04/Palacio-de-Cristal-del-Retiro-4.jpg"><img loading="lazy" decoding="async" width="1000" height="667" src="http://fotografias.rojima.es/wp-content/uploads/2019/04/Palacio-de-Cristal-del-Retiro-4.jpg" alt="" data-id="141" data-link="http://fotografias.rojima.es/?attachment_id=141" class="wp-image-141" srcset="http://fotografias.rojima.es/wp-content/uploads/2019/04/Palacio-de-Cristal-del-Retiro-4.jpg 1000w, http://fotografias.rojima.es/wp-content/uploads/2019/04/Palacio-de-Cristal-del-Retiro-4-300x200.jpg 300w, http://fotografias.rojima.es/wp-content/uploads/2019/04/Palacio-de-Cristal-del-Retiro-4-768x512.jpg 768w, http://fotografias.rojima.es/wp-content/uploads/2019/04/Palacio-de-Cristal-del-Retiro-4-508x339.jpg 508w" sizes="(max-width: 1000px) 100vw, 1000px" /></a></figure></li><li class="blocks-gallery-item"><figure><a href="http://fotografias.rojima.es/wp-content/uploads/2019/04/Palacio-de-Cristal-del-Retiro-1.jpg"><img loading="lazy" decoding="async" width="1000" height="563" src="http://fotografias.rojima.es/wp-content/uploads/2019/04/Palacio-de-Cristal-del-Retiro-1.jpg" alt="" data-id="138" data-link="http://fotografias.rojima.es/?attachment_id=138" class="wp-image-138" srcset="http://fotografias.rojima.es/wp-content/uploads/2019/04/Palacio-de-Cristal-del-Retiro-1.jpg 1000w, http://fotografias.rojima.es/wp-content/uploads/2019/04/Palacio-de-Cristal-del-Retiro-1-300x169.jpg 300w, http://fotografias.rojima.es/wp-content/uploads/2019/04/Palacio-de-Cristal-del-Retiro-1-768x432.jpg 768w, http://fotografias.rojima.es/wp-content/uploads/2019/04/Palacio-de-Cristal-del-Retiro-1-508x286.jpg 508w" sizes="(max-width: 1000px) 100vw, 1000px" /></a></figure></li><li class="blocks-gallery-item"><figure><a href="http://fotografias.rojima.es/wp-content/uploads/2019/04/Palacio-de-Cristal-del-Retiro-5.jpg"><img loading="lazy" decoding="async" width="1000" height="563" src="http://fotografias.rojima.es/wp-content/uploads/2019/04/Palacio-de-Cristal-del-Retiro-5.jpg" alt="" data-id="142" data-link="http://fotografias.rojima.es/?attachment_id=142" class="wp-image-142" srcset="http://fotografias.rojima.es/wp-content/uploads/2019/04/Palacio-de-Cristal-del-Retiro-5.jpg 1000w, http://fotografias.rojima.es/wp-content/uploads/2019/04/Palacio-de-Cristal-del-Retiro-5-300x169.jpg 300w, http://fotografias.rojima.es/wp-content/uploads/2019/04/Palacio-de-Cristal-del-Retiro-5-768x432.jpg 768w, http://fotografias.rojima.es/wp-content/uploads/2019/04/Palacio-de-Cristal-del-Retiro-5-508x286.jpg 508w" sizes="(max-width: 1000px) 100vw, 1000px" /></a></figure></li><li class="blocks-gallery-item"><figure><a href="http://fotografias.rojima.es/wp-content/uploads/2019/04/Palacio-de-Cristal-del-Retiro-2.jpg"><img loading="lazy" decoding="async" width="1000" height="667" src="http://fotografias.rojima.es/wp-content/uploads/2019/04/Palacio-de-Cristal-del-Retiro-2.jpg" alt="" data-id="139" data-link="http://fotografias.rojima.es/?attachment_id=139" class="wp-image-139" srcset="http://fotografias.rojima.es/wp-content/uploads/2019/04/Palacio-de-Cristal-del-Retiro-2.jpg 1000w, http://fotografias.rojima.es/wp-content/uploads/2019/04/Palacio-de-Cristal-del-Retiro-2-300x200.jpg 300w, http://fotografias.rojima.es/wp-content/uploads/2019/04/Palacio-de-Cristal-del-Retiro-2-768x512.jpg 768w, http://fotografias.rojima.es/wp-content/uploads/2019/04/Palacio-de-Cristal-del-Retiro-2-508x339.jpg 508w" sizes="(max-width: 1000px) 100vw, 1000px" /></a></figure></li><li class="blocks-gallery-item"><figure><a href="http://fotografias.rojima.es/wp-content/uploads/2019/04/Palacio-de-Cristal-del-Retiro-6-1.jpg"><img loading="lazy" decoding="async" width="1000" height="563" src="http://fotografias.rojima.es/wp-content/uploads/2019/04/Palacio-de-Cristal-del-Retiro-6-1.jpg" alt="" data-id="151" data-link="http://fotografias.rojima.es/?attachment_id=151" class="wp-image-151" srcset="http://fotografias.rojima.es/wp-content/uploads/2019/04/Palacio-de-Cristal-del-Retiro-6-1.jpg 1000w, http://fotografias.rojima.es/wp-content/uploads/2019/04/Palacio-de-Cristal-del-Retiro-6-1-300x169.jpg 300w, http://fotografias.rojima.es/wp-content/uploads/2019/04/Palacio-de-Cristal-del-Retiro-6-1-768x432.jpg 768w, http://fotografias.rojima.es/wp-content/uploads/2019/04/Palacio-de-Cristal-del-Retiro-6-1-508x286.jpg 508w" sizes="(max-width: 1000px) 100vw, 1000px" /></a></figure></li><li class="blocks-gallery-item"><figure><a href="http://fotografias.rojima.es/wp-content/uploads/2019/04/Palacio-de-Cristal-del-Retiro-3.jpg"><img loading="lazy" decoding="async" width="1000" height="563" src="http://fotografias.rojima.es/wp-content/uploads/2019/04/Palacio-de-Cristal-del-Retiro-3.jpg" alt="" data-id="140" data-link="http://fotografias.rojima.es/?attachment_id=140" class="wp-image-140" srcset="http://fotografias.rojima.es/wp-content/uploads/2019/04/Palacio-de-Cristal-del-Retiro-3.jpg 1000w, http://fotografias.rojima.es/wp-content/uploads/2019/04/Palacio-de-Cristal-del-Retiro-3-300x169.jpg 300w, http://fotografias.rojima.es/wp-content/uploads/2019/04/Palacio-de-Cristal-del-Retiro-3-768x432.jpg 768w, http://fotografias.rojima.es/wp-content/uploads/2019/04/Palacio-de-Cristal-del-Retiro-3-508x286.jpg 508w" sizes="(max-width: 1000px) 100vw, 1000px" /></a></figure></li><li class="blocks-gallery-item"><figure><a href="http://fotografias.rojima.es/wp-content/uploads/2019/04/Palacio-de-Cristal-del-Retiro-8.jpg"><img loading="lazy" decoding="async" width="1000" height="1000" src="http://fotografias.rojima.es/wp-content/uploads/2019/04/Palacio-de-Cristal-del-Retiro-8.jpg" alt="" data-id="145" data-link="http://fotografias.rojima.es/?attachment_id=145" class="wp-image-145" srcset="http://fotografias.rojima.es/wp-content/uploads/2019/04/Palacio-de-Cristal-del-Retiro-8.jpg 1000w, http://fotografias.rojima.es/wp-content/uploads/2019/04/Palacio-de-Cristal-del-Retiro-8-150x150.jpg 150w, http://fotografias.rojima.es/wp-content/uploads/2019/04/Palacio-de-Cristal-del-Retiro-8-300x300.jpg 300w, http://fotografias.rojima.es/wp-content/uploads/2019/04/Palacio-de-Cristal-del-Retiro-8-768x768.jpg 768w, http://fotografias.rojima.es/wp-content/uploads/2019/04/Palacio-de-Cristal-del-Retiro-8-508x508.jpg 508w" sizes="(max-width: 1000px) 100vw, 1000px" /></a></figure></li><li class="blocks-gallery-item"><figure><img decoding="async" src="" alt=""/></figure></li></ul>



<p class="has-drop-cap has-small-font-size">El 10 de mayo de 1936, el Palacio de Cristal del Retiro fue el escenario en el que se eligió a&nbsp;<a href="https://es.wikipedia.org/wiki/Manuel_Aza%C3%B1a">Manuel Azaña</a>&nbsp;como presidente de la&nbsp;<a href="https://es.wikipedia.org/wiki/Segunda_Rep%C3%BAblica_Espa%C3%B1ola">República</a>. Las Cortes se habían quedado pequeñas para acoger a la asamblea mixta de diputados y compromisarios y el Palacio de Cristal fue elegido para la votación y toma de posesión. Azaña, único candidato, salió elegido por 754 votos de 874</p>



<p><a href="https://es.wikipedia.org/wiki/Palacio_de_Cristal_del_Retiro">https://es.wikipedia.org/wiki/Palacio_de_Cristal_del_Retiro</a></p>

<p>Fue construido por&nbsp;Ricardo Velázquez Bosco, y su proyecto de construcción se inspiraba en el&nbsp;Crystal Palace, levantado en Londres en 1851 por&nbsp;Joseph Paxton. En Londres se había levantado el Crystal Palace en Hyde Park en el contexto de la Exposición de Trabajos Industriales, y en España se levantó el Palacio de Cristal para la Exposición de [&hellip;]</p>
