{"id":302,"date":"2019-04-26T09:43:58","date_gmt":"2019-04-26T09:43:58","guid":{"rendered":"http:\/\/fotografias.rojima.es\/?page_id=302"},"modified":"2019-04-30T14:03:34","modified_gmt":"2019-04-30T14:03:34","slug":"fotografia-rojima","status":"publish","type":"page","link":"http:\/\/fotografias.rojima.es\/?page_id=302","title":{"rendered":"Acerca de Fotografia Rojima&#8230;"},"content":{"rendered":"\n<p class=\"has-small-font-size\">Hola a tod@s, en este mi peque\u00f1o y humilde blog, solamente quiero mostrar las fotos que realizo y edito con el fin de mostrar las cosas que fotograf\u00edo y me parecen bellas.<\/p>\n\n\n\n<blockquote class=\"wp-block-quote is-layout-flow wp-block-quote-is-layout-flow\"><p>Espero que sean de vuestro agrado y conseguir, como digo en la presentaci\u00f3n \u00abdejar fluir toda mi creatividad con el f\u00edn de fotografiar momentos y cosas hermosas&#8230;\u00bb<\/p><cite>Emilio Jos\u00e9 Bravo<\/cite><\/blockquote>\n\n\n\n<p><\/p>\n","protected":false},"excerpt":{"rendered":"<p>Hola a tod@s, en este mi peque\u00f1o y humilde blog, solamente quiero mostrar las fotos que realizo y edito con el fin de mostrar las cosas que fotograf\u00edo y me parecen bellas. Espero que sean de vuestro agrado y conseguir, como digo en la presentaci\u00f3n \u00abdejar fluir toda mi creatividad con el f\u00edn de fotografiar [&hellip;]<\/p>\n","protected":false},"author":1,"featured_media":0,"parent":0,"menu_order":2,"comment_status":"closed","ping_status":"closed","template":"","meta":{"footnotes":""},"jetpack_sharing_enabled":true,"_links":{"self":[{"href":"http:\/\/fotografias.rojima.es\/index.php?rest_route=\/wp\/v2\/pages\/302"}],"collection":[{"href":"http:\/\/fotografias.rojima.es\/index.php?rest_route=\/wp\/v2\/pages"}],"about":[{"href":"http:\/\/fotografias.rojima.es\/index.php?rest_route=\/wp\/v2\/types\/page"}],"author":[{"embeddable":true,"href":"http:\/\/fotografias.rojima.es\/index.php?rest_route=\/wp\/v2\/users\/1"}],"replies":[{"embeddable":true,"href":"http:\/\/fotografias.rojima.es\/index.php?rest_route=%2Fwp%2Fv2%2Fcomments&post=302"}],"version-history":[{"count":6,"href":"http:\/\/fotografias.rojima.es\/index.php?rest_route=\/wp\/v2\/pages\/302\/revisions"}],"predecessor-version":[{"id":311,"href":"http:\/\/fotografias.rojima.es\/index.php?rest_route=\/wp\/v2\/pages\/302\/revisions\/311"}],"wp:attachment":[{"href":"http:\/\/fotografias.rojima.es\/index.php?rest_route=%2Fwp%2Fv2%2Fmedia&parent=302"}],"curies":[{"name":"wp","href":"https:\/\/api.w.org\/{rel}","templated":true}]}}