{"id":316,"date":"2019-04-26T14:20:21","date_gmt":"2019-04-26T14:20:21","guid":{"rendered":"http:\/\/fotografias.rojima.es\/?page_id=316"},"modified":"2019-04-30T14:03:34","modified_gmt":"2019-04-30T14:03:34","slug":"vicente-calderon-1966-2016","status":"publish","type":"page","link":"http:\/\/fotografias.rojima.es\/?page_id=316","title":{"rendered":"vicente calderon 1966-2016"},"content":{"rendered":"\n<p class=\"has-drop-cap has-small-font-size\">Inaugurado el <a href=\"https:\/\/es.wikipedia.org\/wiki\/2_de_octubre\">2 de octubre<\/a>&nbsp;de&nbsp;<a href=\"https:\/\/es.wikipedia.org\/wiki\/1966\">1966<\/a>, fue el estadio del club rojiblanco durante 51 a\u00f1os, hasta la temporada&nbsp;<a href=\"https:\/\/es.wikipedia.org\/wiki\/Primera_Divisi%C3%B3n_de_Espa%C3%B1a_2016-17\">2016\/17<\/a>, tras la que cambi\u00f3 su sede al nuevo&nbsp;<a href=\"https:\/\/es.wikipedia.org\/wiki\/Estadio_Metropolitano_(Madrid)\">Estadio Metropolitano<\/a>. El \u00faltimo partido de competici\u00f3n oficial que disput\u00f3 en este estadio, fue el Atl\u00e9tico\u2013<a href=\"https:\/\/es.wikipedia.org\/wiki\/Athletic_Club\">Athletic<\/a>&nbsp;(3\u20131), correspondiente a la jornada 38 del&nbsp;<a href=\"https:\/\/es.wikipedia.org\/wiki\/Primera_Divisi%C3%B3n_de_Espa%C3%B1a_2016-17\">Campeonato Nacional de Liga<\/a>, disputado el 21 de mayo de 2017. Finalmente, alberg\u00f3 la&nbsp;<a href=\"https:\/\/es.wikipedia.org\/wiki\/Final_de_la_Copa_del_Rey_de_f%C3%BAtbol_2016-2017\">final de Copa de S.M. el Rey<\/a>, disputada el 27 de mayo.<sup><a href=\"https:\/\/es.wikipedia.org\/wiki\/Estadio_Vicente_Calder%C3%B3n#cite_note-3\">3<\/a><\/sup>\u200b \u00a1\u00a1\u00a1Hasta siempre!!<\/p>\n\n\n\n<ul class=\"wp-block-gallery columns-1 wp-block-gallery-1 is-layout-flex wp-block-gallery-is-layout-flex\"><li class=\"blocks-gallery-item\"><figure><a href=\"http:\/\/fotografias.rojima.es\/wp-content\/uploads\/2019\/04\/vicente-calderon-magua-1-2.jpg\"><img loading=\"lazy\" decoding=\"async\" width=\"1000\" height=\"666\" src=\"http:\/\/fotografias.rojima.es\/wp-content\/uploads\/2019\/04\/vicente-calderon-magua-1-2.jpg\" alt=\"\" data-id=\"319\" data-link=\"http:\/\/fotografias.rojima.es\/?attachment_id=319\" class=\"wp-image-319\" srcset=\"http:\/\/fotografias.rojima.es\/wp-content\/uploads\/2019\/04\/vicente-calderon-magua-1-2.jpg 1000w, http:\/\/fotografias.rojima.es\/wp-content\/uploads\/2019\/04\/vicente-calderon-magua-1-2-300x200.jpg 300w, http:\/\/fotografias.rojima.es\/wp-content\/uploads\/2019\/04\/vicente-calderon-magua-1-2-768x511.jpg 768w, http:\/\/fotografias.rojima.es\/wp-content\/uploads\/2019\/04\/vicente-calderon-magua-1-2-508x338.jpg 508w\" sizes=\"(max-width: 1000px) 100vw, 1000px\" \/><\/a><\/figure><\/li><li class=\"blocks-gallery-item\"><figure><a href=\"http:\/\/fotografias.rojima.es\/wp-content\/uploads\/2019\/04\/vicente-calderon-magua-1-3.jpg\"><img loading=\"lazy\" decoding=\"async\" width=\"1000\" height=\"1000\" src=\"http:\/\/fotografias.rojima.es\/wp-content\/uploads\/2019\/04\/vicente-calderon-magua-1-3.jpg\" alt=\"\" data-id=\"320\" data-link=\"http:\/\/fotografias.rojima.es\/?attachment_id=320\" class=\"wp-image-320\" srcset=\"http:\/\/fotografias.rojima.es\/wp-content\/uploads\/2019\/04\/vicente-calderon-magua-1-3.jpg 1000w, http:\/\/fotografias.rojima.es\/wp-content\/uploads\/2019\/04\/vicente-calderon-magua-1-3-150x150.jpg 150w, http:\/\/fotografias.rojima.es\/wp-content\/uploads\/2019\/04\/vicente-calderon-magua-1-3-300x300.jpg 300w, http:\/\/fotografias.rojima.es\/wp-content\/uploads\/2019\/04\/vicente-calderon-magua-1-3-768x768.jpg 768w, http:\/\/fotografias.rojima.es\/wp-content\/uploads\/2019\/04\/vicente-calderon-magua-1-3-508x508.jpg 508w\" sizes=\"(max-width: 1000px) 100vw, 1000px\" \/><\/a><\/figure><\/li><li class=\"blocks-gallery-item\"><figure><a href=\"http:\/\/fotografias.rojima.es\/wp-content\/uploads\/2019\/04\/vicente-calderon-magua-1-4.jpg\"><img loading=\"lazy\" decoding=\"async\" width=\"1000\" height=\"563\" src=\"http:\/\/fotografias.rojima.es\/wp-content\/uploads\/2019\/04\/vicente-calderon-magua-1-4.jpg\" alt=\"\" data-id=\"321\" data-link=\"http:\/\/fotografias.rojima.es\/?attachment_id=321\" class=\"wp-image-321\" srcset=\"http:\/\/fotografias.rojima.es\/wp-content\/uploads\/2019\/04\/vicente-calderon-magua-1-4.jpg 1000w, http:\/\/fotografias.rojima.es\/wp-content\/uploads\/2019\/04\/vicente-calderon-magua-1-4-300x169.jpg 300w, http:\/\/fotografias.rojima.es\/wp-content\/uploads\/2019\/04\/vicente-calderon-magua-1-4-768x432.jpg 768w, http:\/\/fotografias.rojima.es\/wp-content\/uploads\/2019\/04\/vicente-calderon-magua-1-4-508x286.jpg 508w\" sizes=\"(max-width: 1000px) 100vw, 1000px\" \/><\/a><\/figure><\/li><li class=\"blocks-gallery-item\"><figure><a href=\"http:\/\/fotografias.rojima.es\/wp-content\/uploads\/2019\/04\/vicente-calderon-magua-1-5.jpg\"><img loading=\"lazy\" decoding=\"async\" width=\"1000\" height=\"563\" src=\"http:\/\/fotografias.rojima.es\/wp-content\/uploads\/2019\/04\/vicente-calderon-magua-1-5.jpg\" alt=\"\" data-id=\"322\" data-link=\"http:\/\/fotografias.rojima.es\/?attachment_id=322\" class=\"wp-image-322\" srcset=\"http:\/\/fotografias.rojima.es\/wp-content\/uploads\/2019\/04\/vicente-calderon-magua-1-5.jpg 1000w, http:\/\/fotografias.rojima.es\/wp-content\/uploads\/2019\/04\/vicente-calderon-magua-1-5-300x169.jpg 300w, http:\/\/fotografias.rojima.es\/wp-content\/uploads\/2019\/04\/vicente-calderon-magua-1-5-768x432.jpg 768w, http:\/\/fotografias.rojima.es\/wp-content\/uploads\/2019\/04\/vicente-calderon-magua-1-5-508x286.jpg 508w\" sizes=\"(max-width: 1000px) 100vw, 1000px\" \/><\/a><\/figure><\/li><li class=\"blocks-gallery-item\"><figure><a href=\"http:\/\/fotografias.rojima.es\/wp-content\/uploads\/2019\/04\/vicente-calderon-magua-1-1.jpg\"><img loading=\"lazy\" decoding=\"async\" width=\"1000\" height=\"666\" src=\"http:\/\/fotografias.rojima.es\/wp-content\/uploads\/2019\/04\/vicente-calderon-magua-1-1.jpg\" alt=\"\" data-id=\"323\" data-link=\"http:\/\/fotografias.rojima.es\/?attachment_id=323\" class=\"wp-image-323\" srcset=\"http:\/\/fotografias.rojima.es\/wp-content\/uploads\/2019\/04\/vicente-calderon-magua-1-1.jpg 1000w, http:\/\/fotografias.rojima.es\/wp-content\/uploads\/2019\/04\/vicente-calderon-magua-1-1-300x200.jpg 300w, http:\/\/fotografias.rojima.es\/wp-content\/uploads\/2019\/04\/vicente-calderon-magua-1-1-768x511.jpg 768w, http:\/\/fotografias.rojima.es\/wp-content\/uploads\/2019\/04\/vicente-calderon-magua-1-1-508x338.jpg 508w\" sizes=\"(max-width: 1000px) 100vw, 1000px\" \/><\/a><\/figure><\/li><\/ul>\n","protected":false},"excerpt":{"rendered":"<p>Inaugurado el 2 de octubre&nbsp;de&nbsp;1966, fue el estadio del club rojiblanco durante 51 a\u00f1os, hasta la temporada&nbsp;2016\/17, tras la que cambi\u00f3 su sede al nuevo&nbsp;Estadio Metropolitano. El \u00faltimo partido de competici\u00f3n oficial que disput\u00f3 en este estadio, fue el Atl\u00e9tico\u2013Athletic&nbsp;(3\u20131), correspondiente a la jornada 38 del&nbsp;Campeonato Nacional de Liga, disputado el 21 de mayo de [&hellip;]<\/p>\n","protected":false},"author":1,"featured_media":0,"parent":0,"menu_order":1,"comment_status":"closed","ping_status":"closed","template":"","meta":{"footnotes":""},"jetpack_sharing_enabled":true,"_links":{"self":[{"href":"http:\/\/fotografias.rojima.es\/index.php?rest_route=\/wp\/v2\/pages\/316"}],"collection":[{"href":"http:\/\/fotografias.rojima.es\/index.php?rest_route=\/wp\/v2\/pages"}],"about":[{"href":"http:\/\/fotografias.rojima.es\/index.php?rest_route=\/wp\/v2\/types\/page"}],"author":[{"embeddable":true,"href":"http:\/\/fotografias.rojima.es\/index.php?rest_route=\/wp\/v2\/users\/1"}],"replies":[{"embeddable":true,"href":"http:\/\/fotografias.rojima.es\/index.php?rest_route=%2Fwp%2Fv2%2Fcomments&post=316"}],"version-history":[{"count":2,"href":"http:\/\/fotografias.rojima.es\/index.php?rest_route=\/wp\/v2\/pages\/316\/revisions"}],"predecessor-version":[{"id":328,"href":"http:\/\/fotografias.rojima.es\/index.php?rest_route=\/wp\/v2\/pages\/316\/revisions\/328"}],"wp:attachment":[{"href":"http:\/\/fotografias.rojima.es\/index.php?rest_route=%2Fwp%2Fv2%2Fmedia&parent=316"}],"curies":[{"name":"wp","href":"https:\/\/api.w.org\/{rel}","templated":true}]}}

<p class="has-drop-cap has-small-font-size">Inaugurado el <a href="https://es.wikipedia.org/wiki/2_de_octubre">2 de octubre</a>&nbsp;de&nbsp;<a href="https://es.wikipedia.org/wiki/1966">1966</a>, fue el estadio del club rojiblanco durante 51 años, hasta la temporada&nbsp;<a href="https://es.wikipedia.org/wiki/Primera_Divisi%C3%B3n_de_Espa%C3%B1a_2016-17">2016/17</a>, tras la que cambió su sede al nuevo&nbsp;<a href="https://es.wikipedia.org/wiki/Estadio_Metropolitano_(Madrid)">Estadio Metropolitano</a>. El último partido de competición oficial que disputó en este estadio, fue el Atlético–<a href="https://es.wikipedia.org/wiki/Athletic_Club">Athletic</a>&nbsp;(3–1), correspondiente a la jornada 38 del&nbsp;<a href="https://es.wikipedia.org/wiki/Primera_Divisi%C3%B3n_de_Espa%C3%B1a_2016-17">Campeonato Nacional de Liga</a>, disputado el 21 de mayo de 2017. Finalmente, albergó la&nbsp;<a href="https://es.wikipedia.org/wiki/Final_de_la_Copa_del_Rey_de_f%C3%BAtbol_2016-2017">final de Copa de S.M. el Rey</a>, disputada el 27 de mayo.<sup><a href="https://es.wikipedia.org/wiki/Estadio_Vicente_Calder%C3%B3n#cite_note-3">3</a></sup>​ ¡¡¡Hasta siempre!!</p>



<ul class="wp-block-gallery columns-1 wp-block-gallery-1 is-layout-flex wp-block-gallery-is-layout-flex"><li class="blocks-gallery-item"><figure><a href="http://fotografias.rojima.es/wp-content/uploads/2019/04/vicente-calderon-magua-1-2.jpg"><img loading="lazy" decoding="async" width="1000" height="666" src="http://fotografias.rojima.es/wp-content/uploads/2019/04/vicente-calderon-magua-1-2.jpg" alt="" data-id="319" data-link="http://fotografias.rojima.es/?attachment_id=319" class="wp-image-319" srcset="http://fotografias.rojima.es/wp-content/uploads/2019/04/vicente-calderon-magua-1-2.jpg 1000w, http://fotografias.rojima.es/wp-content/uploads/2019/04/vicente-calderon-magua-1-2-300x200.jpg 300w, http://fotografias.rojima.es/wp-content/uploads/2019/04/vicente-calderon-magua-1-2-768x511.jpg 768w, http://fotografias.rojima.es/wp-content/uploads/2019/04/vicente-calderon-magua-1-2-508x338.jpg 508w" sizes="(max-width: 1000px) 100vw, 1000px" /></a></figure></li><li class="blocks-gallery-item"><figure><a href="http://fotografias.rojima.es/wp-content/uploads/2019/04/vicente-calderon-magua-1-3.jpg"><img loading="lazy" decoding="async" width="1000" height="1000" src="http://fotografias.rojima.es/wp-content/uploads/2019/04/vicente-calderon-magua-1-3.jpg" alt="" data-id="320" data-link="http://fotografias.rojima.es/?attachment_id=320" class="wp-image-320" srcset="http://fotografias.rojima.es/wp-content/uploads/2019/04/vicente-calderon-magua-1-3.jpg 1000w, http://fotografias.rojima.es/wp-content/uploads/2019/04/vicente-calderon-magua-1-3-150x150.jpg 150w, http://fotografias.rojima.es/wp-content/uploads/2019/04/vicente-calderon-magua-1-3-300x300.jpg 300w, http://fotografias.rojima.es/wp-content/uploads/2019/04/vicente-calderon-magua-1-3-768x768.jpg 768w, http://fotografias.rojima.es/wp-content/uploads/2019/04/vicente-calderon-magua-1-3-508x508.jpg 508w" sizes="(max-width: 1000px) 100vw, 1000px" /></a></figure></li><li class="blocks-gallery-item"><figure><a href="http://fotografias.rojima.es/wp-content/uploads/2019/04/vicente-calderon-magua-1-4.jpg"><img loading="lazy" decoding="async" width="1000" height="563" src="http://fotografias.rojima.es/wp-content/uploads/2019/04/vicente-calderon-magua-1-4.jpg" alt="" data-id="321" data-link="http://fotografias.rojima.es/?attachment_id=321" class="wp-image-321" srcset="http://fotografias.rojima.es/wp-content/uploads/2019/04/vicente-calderon-magua-1-4.jpg 1000w, http://fotografias.rojima.es/wp-content/uploads/2019/04/vicente-calderon-magua-1-4-300x169.jpg 300w, http://fotografias.rojima.es/wp-content/uploads/2019/04/vicente-calderon-magua-1-4-768x432.jpg 768w, http://fotografias.rojima.es/wp-content/uploads/2019/04/vicente-calderon-magua-1-4-508x286.jpg 508w" sizes="(max-width: 1000px) 100vw, 1000px" /></a></figure></li><li class="blocks-gallery-item"><figure><a href="http://fotografias.rojima.es/wp-content/uploads/2019/04/vicente-calderon-magua-1-5.jpg"><img loading="lazy" decoding="async" width="1000" height="563" src="http://fotografias.rojima.es/wp-content/uploads/2019/04/vicente-calderon-magua-1-5.jpg" alt="" data-id="322" data-link="http://fotografias.rojima.es/?attachment_id=322" class="wp-image-322" srcset="http://fotografias.rojima.es/wp-content/uploads/2019/04/vicente-calderon-magua-1-5.jpg 1000w, http://fotografias.rojima.es/wp-content/uploads/2019/04/vicente-calderon-magua-1-5-300x169.jpg 300w, http://fotografias.rojima.es/wp-content/uploads/2019/04/vicente-calderon-magua-1-5-768x432.jpg 768w, http://fotografias.rojima.es/wp-content/uploads/2019/04/vicente-calderon-magua-1-5-508x286.jpg 508w" sizes="(max-width: 1000px) 100vw, 1000px" /></a></figure></li><li class="blocks-gallery-item"><figure><a href="http://fotografias.rojima.es/wp-content/uploads/2019/04/vicente-calderon-magua-1-1.jpg"><img loading="lazy" decoding="async" width="1000" height="666" src="http://fotografias.rojima.es/wp-content/uploads/2019/04/vicente-calderon-magua-1-1.jpg" alt="" data-id="323" data-link="http://fotografias.rojima.es/?attachment_id=323" class="wp-image-323" srcset="http://fotografias.rojima.es/wp-content/uploads/2019/04/vicente-calderon-magua-1-1.jpg 1000w, http://fotografias.rojima.es/wp-content/uploads/2019/04/vicente-calderon-magua-1-1-300x200.jpg 300w, http://fotografias.rojima.es/wp-content/uploads/2019/04/vicente-calderon-magua-1-1-768x511.jpg 768w, http://fotografias.rojima.es/wp-content/uploads/2019/04/vicente-calderon-magua-1-1-508x338.jpg 508w" sizes="(max-width: 1000px) 100vw, 1000px" /></a></figure></li></ul>

<p>Inaugurado el 2 de octubre&nbsp;de&nbsp;1966, fue el estadio del club rojiblanco durante 51 años, hasta la temporada&nbsp;2016/17, tras la que cambió su sede al nuevo&nbsp;Estadio Metropolitano. El último partido de competición oficial que disputó en este estadio, fue el Atlético–Athletic&nbsp;(3–1), correspondiente a la jornada 38 del&nbsp;Campeonato Nacional de Liga, disputado el 21 de mayo de [&hellip;]</p>
